{"id":6351,"date":"2021-04-16T21:04:01","date_gmt":"2021-04-16T21:04:01","guid":{"rendered":"https:\/\/cusacq.usac.edu.gt?page_id=6351"},"modified":"2021-08-17T21:14:23","modified_gmt":"2021-08-17T21:14:23","slug":"orientacion-vocacional-2022","status":"publish","type":"page","link":"https:\/\/cusacq.usac.edu.gt\/?page_id=6351","title":{"rendered":"Orientaci\u00f3n Vocacional 2021"},"content":{"rendered":"<h3><strong>Prueba de Orientaci\u00f3n Vocacional en L\u00ednea &#8211; 2021<\/strong><\/h3>\n<p><a href=\"https:\/\/cusacq.usac.edu.gtwp-content\/uploads\/2021\/08\/4ta.-Fecha-OV.jpg\"><img loading=\"lazy\" decoding=\"async\" class=\"alignnone size-medium wp-image-6473\" src=\"https:\/\/cusacq.usac.edu.gtwp-content\/uploads\/2021\/08\/4ta.-Fecha-OV-300x169.jpg\" alt=\"\" width=\"300\" height=\"169\" srcset=\"https:\/\/cusacq.usac.edu.gt\/wp-content\/uploads\/2021\/08\/4ta.-Fecha-OV-300x169.jpg 300w, https:\/\/cusacq.usac.edu.gt\/wp-content\/uploads\/2021\/08\/4ta.-Fecha-OV-768x432.jpg 768w, https:\/\/cusacq.usac.edu.gt\/wp-content\/uploads\/2021\/08\/4ta.-Fecha-OV-1024x576.jpg 1024w, https:\/\/cusacq.usac.edu.gt\/wp-content\/uploads\/2021\/08\/4ta.-Fecha-OV.jpg 1080w\" sizes=\"auto, (max-width: 300px) 100vw, 300px\" \/><\/a><\/p>\n<p><strong>Pasos para realizar Prueba de Orientaci\u00f3n Vocacional:<\/strong><\/p>\n<p><strong>Paso 1: Generaci\u00f3n de boleta de pago<\/strong><\/p>\n<ul>\n<li>Ingrese al sitio web:\u00a0<a href=\"https:\/\/vocacional.usac.edu.gt\/\">vocacional.usac.edu.gt<\/a><\/li>\n<li>Pulse en\u00a0<strong>Inscripci\u00f3n<\/strong>, luego en\u00a0<strong>Generar orden de pago<\/strong><\/li>\n<li>Ingrese su nombre y apellidos\u00a0<strong>completos<\/strong>, CUI o No. de pasaporte (para extranjeros) y toque el bot\u00f3n\u00a0<strong>Generar orden de pago<\/strong>. Cancele Q70.00 en cualquiera de las agencias\u00a0<a href=\"https:\/\/www.banrural.com.gt\/\">BANRURAL<\/a>,\u00a0GYT\u00a0o\u00a0<a href=\"https:\/\/www.bantrab.com.gt\/\">BANTRAB<\/a>.(al imprimir la boleta de pago tendr\u00e1 vigencia de siete d\u00edas para pagarla). La boleta una vez pagada, solo tendr\u00e1 validez el mismo a\u00f1o que se genere.<\/li>\n<\/ul>\n<p><strong>Paso 2: Proceso de Asignaci\u00f3n<\/strong><\/p>\n<ul>\n<li>Ingrese nuevamente a\u00a0<a href=\"https:\/\/vocacional.usac.edu.gt\/\">vocacional.usac.edu.gt<\/a><\/li>\n<li>Pulse en\u00a0<strong>Inscripci\u00f3n<\/strong>, luego en\u00a0<strong>Asignaci\u00f3n en l\u00ednea<\/strong><\/li>\n<li>Ingrese los datos que se solicitan:\n<ul>\n<li>N\u00famero de orden de pago (obligatorio).<\/li>\n<li>C\u00f3digo \u00danico de Identificaci\u00f3n (CUI) o No. de pasaporte\u00a0<em>(para extranjeros)<\/em>. Este dato lo puede encontrar en la certificaci\u00f3n de nacimiento o en el Documento Personal de Identificaci\u00f3n (DPI), extendidos por el Registro Nacional de las Personas RENAP. (obligatorio)<\/li>\n<li>Correo electr\u00f3nico personal (obligatorio)<\/li>\n<li>Fecha de Nacimiento (obligatorio)<\/li>\n<\/ul>\n<\/li>\n<li>Seleccione en lugar de evaluaci\u00f3n (<strong>Centros Universitarios<\/strong>)<\/li>\n<li>Seleccione en sede\/centro en donde va a evaluarse (<strong>CUSACQ Centro Universitario de Quiche<\/strong>)<\/li>\n<li>Seleccione el colegio d\u00f3nde se gradu\u00f3\/graduar\u00e1 (obligatorio)<\/li>\n<li>Pulse\u00a0<strong>Asignarse<\/strong><\/li>\n<li>Se le mostrar\u00e1 una constancia de asignaci\u00f3n con la\u00a0<strong>fecha y hora de su evaluaci\u00f3n<\/strong>, gu\u00e1rdela como PDF. Tambi\u00e9n se le ha enviado una copia a su correo.<\/li>\n<li>Complete su perfil ingresando a\u00a0<a href=\"https:\/\/vocacional.usac.edu.gt\/profile\">https:\/\/vocacional.usac.edu.gt\/profile<\/a><\/li>\n<li>Cuando finalice de completar su perfil, presione el bot\u00f3n\u00a0<strong>Guardar<\/strong><\/li>\n<li>Espere la fecha y hora de su evaluaci\u00f3n.\u00a0<strong>Debe de ser puntual<\/strong>.<\/li>\n<\/ul>\n<p><strong>Paso 3: Proceso para realizar la Prueba en L\u00ednea<\/strong><\/p>\n<ul>\n<li>Ingrese al sitio web:\u00a0<a href=\"https:\/\/vocacional.usac.edu.gt\/\">vocacional.usac.edu.gt<\/a><\/li>\n<li>Ingrese a\u00a0<strong>Prueba de Orientaci\u00f3n Vocacional<\/strong><\/li>\n<li>Si no ha iniciado sesi\u00f3n le pedir\u00e1 que ingrese su CUI o n\u00famero de pasaporte -si es extranjero- y fecha de nacimiento. Luego, haga clic en INICIA SESI\u00d3N<\/li>\n<li>Verifique su perfil que sus datos est\u00e9n correctos antes de realizar la prueba. Luego haga clic en GUARDAR y luego clic en IR A REALIZAR PRUEBA<\/li>\n<li>Para iniciar la prueba, haga clic en REALIZAR PRUEBA<\/li>\n<li>Lea bien las instrucciones y el ejemplo, para interactuar bien con el sistema. En las instrucciones se le indicar\u00e1 el tiempo que tendr\u00e1 para realizar la prueba. Cuando est\u00e9s listo, haga clic en REALIZAR PRUEBA.<\/li>\n<li>Al finalizar, podr\u00e1 ver tus resultados preliminares haciendo clic en VER RESULTADOS.<\/li>\n<li>Aparecer\u00e1 el resultado preliminar que le servir\u00e1 para su interpretaci\u00f3n de resultados con el int\u00e9rprete virtual y al finalizar la interpretaci\u00f3n se le habilitar\u00e1 el perfil de resultados que le permitir\u00e1 continuar con su proceso de ingreso.<\/li>\n<li>El reporte tendr\u00e1 un C\u00f3digo QR para verificar la veracidad de los resultados, en caso que te lo soliciten.<\/li>\n<li>Puede descargar su informe haciendo clic en DESCARGAR PDF<\/li>\n<\/ul>\n<p><strong><em><u>NOTA:<\/u><\/em><\/strong> Revise sus datos, si hay error comun\u00edquese a:<\/p>\n<p><a href=\"https:\/\/cusacq.usac.edu.gtwp-content\/uploads\/2021\/04\/OV.jpg\"><img loading=\"lazy\" decoding=\"async\" class=\"alignnone size-medium wp-image-6353\" src=\"https:\/\/cusacq.usac.edu.gtwp-content\/uploads\/2021\/04\/OV-300x169.jpg\" alt=\"\" width=\"300\" height=\"169\" srcset=\"https:\/\/cusacq.usac.edu.gt\/wp-content\/uploads\/2021\/04\/OV-300x169.jpg 300w, https:\/\/cusacq.usac.edu.gt\/wp-content\/uploads\/2021\/04\/OV-768x432.jpg 768w, https:\/\/cusacq.usac.edu.gt\/wp-content\/uploads\/2021\/04\/OV-1024x575.jpg 1024w, https:\/\/cusacq.usac.edu.gt\/wp-content\/uploads\/2021\/04\/OV.jpg 1922w\" sizes=\"auto, (max-width: 300px) 100vw, 300px\" \/><\/a><\/p>\n<p>IMPORTANTE: Si alg\u00fan aspirante ya se realiz\u00f3 la prueba de orientaci\u00f3n vocacional a partir del a\u00f1o 2000 la prueba no se vence por lo que no deber\u00e1 volv\u00e9rsela a asignar, si no cuenta con la tarjeta o resultados podr\u00e1 hacer una reposici\u00f3n de la misma en Orientaci\u00f3n Vocacional con un costo de Q.10.00, el tramite es en l\u00ednea por medio de WhatsApp.<\/p>\n<p>Para la reposici\u00f3n es necesario indicar nombre completo, fecha de nacimiento, a\u00f1o en el que se realiz\u00f3 la prueba y numero de orientaci\u00f3n vocacional si lo tuviera.<\/p>\n<p>Para cualquier duda, pueden abocarse a la oficina #2 de orientaci\u00f3n vocacional en las oficinas de CUSACQ con previa cita o a los contactos antes mencionados en el horario establecido.<\/p>\n<p>Atentamente: Licda. Alicia Cuevas Cord\u00f3n<\/p>\n<p>&nbsp;<\/p>\n<p><strong><em>\u201cId y Ense\u00f1ad a Todos\u201d<\/em><\/strong><\/p>\n<p>&nbsp;<\/p>\n<p>&nbsp;<\/p>\n<p>&nbsp;<\/p>\n","protected":false},"excerpt":{"rendered":"<p>Prueba de Orientaci\u00f3n Vocacional en L\u00ednea &#8211; 2021 Pasos para realizar Prueba de Orientaci\u00f3n Vocacional: Paso 1: Generaci\u00f3n de boleta de pago Ingrese al sitio web:\u00a0vocacional.usac.edu.gt Pulse en\u00a0Inscripci\u00f3n, luego en\u00a0Generar orden de pago Ingrese su nombre y apellidos\u00a0completos, CUI o No. de pasaporte (para extranjeros) y toque el bot\u00f3n\u00a0Generar orden de pago. Cancele Q70.00 en [&hellip;]<\/p>\n","protected":false},"author":101017,"featured_media":0,"parent":0,"menu_order":0,"comment_status":"closed","ping_status":"closed","template":"","meta":{"footnotes":""},"class_list":["post-6351","page","type-page","status-publish","czr-hentry"],"_links":{"self":[{"href":"https:\/\/cusacq.usac.edu.gt\/index.php?rest_route=\/wp\/v2\/pages\/6351","targetHints":{"allow":["GET"]}}],"collection":[{"href":"https:\/\/cusacq.usac.edu.gt\/index.php?rest_route=\/wp\/v2\/pages"}],"about":[{"href":"https:\/\/cusacq.usac.edu.gt\/index.php?rest_route=\/wp\/v2\/types\/page"}],"author":[{"embeddable":true,"href":"https:\/\/cusacq.usac.edu.gt\/index.php?rest_route=\/wp\/v2\/users\/101017"}],"replies":[{"embeddable":true,"href":"https:\/\/cusacq.usac.edu.gt\/index.php?rest_route=%2Fwp%2Fv2%2Fcomments&post=6351"}],"version-history":[{"count":12,"href":"https:\/\/cusacq.usac.edu.gt\/index.php?rest_route=\/wp\/v2\/pages\/6351\/revisions"}],"predecessor-version":[{"id":6475,"href":"https:\/\/cusacq.usac.edu.gt\/index.php?rest_route=\/wp\/v2\/pages\/6351\/revisions\/6475"}],"wp:attachment":[{"href":"https:\/\/cusacq.usac.edu.gt\/index.php?rest_route=%2Fwp%2Fv2%2Fmedia&parent=6351"}],"curies":[{"name":"wp","href":"https:\/\/api.w.org\/{rel}","templated":true}]}}