{"id":7153,"date":"2022-10-26T21:22:23","date_gmt":"2022-10-26T21:22:23","guid":{"rendered":"https:\/\/cusacq.usac.edu.gt\/?page_id=7153"},"modified":"2024-02-02T23:53:56","modified_gmt":"2024-02-02T23:53:56","slug":"maestria-en-formulacion-y-evaluacion-de-proyectos","status":"publish","type":"page","link":"https:\/\/cusacq.usac.edu.gt\/?page_id=7153","title":{"rendered":"Maestr\u00eda en Formulaci\u00f3n y Evaluaci\u00f3n de Proyectos"},"content":{"rendered":"\n<figure class=\"wp-block-image alignwide size-large\"><a href=\"https:\/\/cusacq.usac.edu.gt\/wp-content\/uploads\/2022\/10\/Maestria-en-Formulacion-y-Evaluacion-de-Proyectos.jpg\"><img loading=\"lazy\" decoding=\"async\" width=\"1024\" height=\"341\" src=\"https:\/\/cusacq.usac.edu.gt\/wp-content\/uploads\/2022\/10\/Maestria-en-Formulacion-y-Evaluacion-de-Proyectos-1024x341.jpg\" alt=\"\" class=\"wp-image-7154\" srcset=\"https:\/\/cusacq.usac.edu.gt\/wp-content\/uploads\/2022\/10\/Maestria-en-Formulacion-y-Evaluacion-de-Proyectos-1024x341.jpg 1024w, https:\/\/cusacq.usac.edu.gt\/wp-content\/uploads\/2022\/10\/Maestria-en-Formulacion-y-Evaluacion-de-Proyectos-300x100.jpg 300w, https:\/\/cusacq.usac.edu.gt\/wp-content\/uploads\/2022\/10\/Maestria-en-Formulacion-y-Evaluacion-de-Proyectos-768x256.jpg 768w, https:\/\/cusacq.usac.edu.gt\/wp-content\/uploads\/2022\/10\/Maestria-en-Formulacion-y-Evaluacion-de-Proyectos-1536x512.jpg 1536w, https:\/\/cusacq.usac.edu.gt\/wp-content\/uploads\/2022\/10\/Maestria-en-Formulacion-y-Evaluacion-de-Proyectos-2048x683.jpg 2048w\" sizes=\"auto, (max-width: 1024px) 100vw, 1024px\" \/><\/a><\/figure>\n\n\n\n<div class=\"wp-block-columns is-layout-flex wp-container-core-columns-is-layout-1 wp-block-columns-is-layout-flex\">\n<div class=\"wp-block-column is-vertically-aligned-center is-layout-flow wp-block-column-is-layout-flow\" style=\"flex-basis:100%\">\n<h1 class=\"wp-block-heading has-text-align-left has-text-color has-large-font-size\" style=\"color:#00629b\">Sedes <\/h1>\n<\/div>\n<\/div>\n\n\n\n<ul style=\"background-color:#ececec\" class=\"has-background wp-block-list\">\n<li><strong>Santa Cruz del Quich\u00e9<\/strong><\/li>\n<\/ul>\n\n\n\n<h1 class=\"wp-block-heading has-text-align-left has-text-color has-large-font-size\" style=\"color:#00629b\">Plan de Estudios<\/h1>\n\n\n\n<p><em> D<strong>uraci\u00f3n 2 a\u00f1os.<\/strong><\/em><\/p>\n\n\n\n<p><strong><em>Modalidad H\u00edbrida en 2024, una clase presencial al mes<\/em><\/strong>.<\/p>\n\n\n\n<div class=\"wp-block-columns has-background is-layout-flex wp-container-core-columns-is-layout-2 wp-block-columns-is-layout-flex\" style=\"background-color:#ececec\">\n<div class=\"wp-block-column is-layout-flow wp-block-column-is-layout-flow\">\n<h2 class=\"wp-block-heading\">Horario<\/h2>\n\n\n\n<p><strong>07:00 a 17:00 Horas.<\/strong><\/p>\n<\/div>\n\n\n\n<div class=\"wp-block-column is-layout-flow wp-block-column-is-layout-flow\">\n<h2 class=\"wp-block-heading\">Plan Semanal<\/h2>\n\n\n\n<p><strong>Dias S\u00e1bados<\/strong><\/p>\n<\/div>\n<\/div>\n\n\n\n<h1 class=\"wp-block-heading has-text-color has-large-font-size\" style=\"color:#00629b\">Perfil de Ingreso<\/h1>\n\n\n\n<p>Los aspirantes al Programa de Maestr\u00eda en Formulaci\u00f3n y Evaluaci\u00f3n de Proyectos, deber\u00e1n ser profesionales con las siguientes caracter\u00edsticas:<\/p>\n\n\n\n<ul class=\"wp-block-list\">\n<li>Tener el grado acad\u00e9mico de Licenciado de la Universidad de San Carlos de Guatemala o de otras universidades nacionales o extranjeras catalogadas como de primera clase.<\/li>\n\n\n\n<li>Inter\u00e9s por el aprendizaje en las \u00e1reas de ciencias econ\u00f3micas.<\/li>\n\n\n\n<li>Disponer de actitud por el aprendizaje participativo.<\/li>\n\n\n\n<li>Capacidad de an\u00e1lisis de datos num\u00e9ricos.<\/li>\n\n\n\n<li>Ser un profesional con capacidad intelectual y cient\u00edfica en las \u00e1reas de formaci\u00f3n del programa de maestr\u00eda.<\/li>\n\n\n\n<li>Disponer de tiempo para la actividad te\u00f3rico-pr\u00e1ctica que el programa de maestr\u00eda requiere en la formaci\u00f3n del profesional de postgrado.<\/li>\n\n\n\n<li>Ostentar valores morales y \u00e9ticos que promueven respeto, responsabilidad, transparencia y objetividad para ejercer la profesi\u00f3n en organizaciones nacionales e internacionales.<\/li>\n\n\n\n<li>Ser un profesional comprometido con el desarrollo socio econ\u00f3mico del pa\u00eds.<\/li>\n\n\n\n<li>Actitud para la adaptaci\u00f3n a los avances cient\u00edficos y tecnol\u00f3gicos actuales.<\/li>\n<\/ul>\n\n\n\n<p><\/p>\n\n\n\n<h1 class=\"wp-block-heading has-text-color has-large-font-size\" style=\"color:#00629b\">Perfil de Egreso<\/h1>\n\n\n\n<p>El egresado del programa de Maestr\u00eda en Formulaci\u00f3n y Evaluaci\u00f3n de Proyectos,<\/p>\n\n\n\n<p>para alcanzar el desempe\u00f1o que el programa exige, en los campos individual, laboral y social, por lo que posee cualidades y caracter\u00edsticas fundamentales en lo referente a conocimientos, actitudes, habilidades y valores que son representativos de una formaci\u00f3n integral; tales como:<\/p>\n\n\n\n<ul class=\"wp-block-list\">\n<li>Domina de principios t\u00e9cnicos-cient\u00edficos, lo cual le facilita asesorar organizaciones p\u00fablicas y privadas en formulaci\u00f3n y evaluaci\u00f3n de proyectos.<\/li>\n\n\n\n<li>Posee la capacidad para formular y evaluar proyectos de inversi\u00f3n, as\u00ed como para realizar los procedimientos administrativos y gerenciales necesarios.<\/li>\n\n\n\n<li>Domina los principios t\u00e9cnico-cient\u00edficos, lo que le facilita asesorar organizaciones p\u00fablicas y privadas en Formulaci\u00f3n y evaluaci\u00f3n de proyectos.<\/li>\n\n\n\n<li>Cuenta con vocaci\u00f3n y capacidad de investigaci\u00f3n, creatividad en el campo de esta especialidad, as\u00ed como en el contexto econ\u00f3mico y social del pa\u00eds.<\/li>\n\n\n\n<li>Posee capacidad para interpretar t\u00e9cnicamente la informaci\u00f3n internacional en la materia, para realizar propuestas de adaptaci\u00f3n de conceptos al sistema nacional, para mantenerse actualizados.<\/li>\n<\/ul>\n\n\n\n<h1 class=\"wp-block-heading has-text-color has-large-font-size\" style=\"color:#00629b\">Inversi\u00f3n<\/h1>\n\n\n\n<p><strong>Matr\u00edcula anual Q.1,031.00<\/strong><\/p>\n\n\n\n<p><strong>Cuota Mensual 9 meses Q.950.00<\/strong><\/p>\n\n\n\n<p class=\"has-vivid-green-cyan-color has-text-color\"><strong>Total Inversi\u00f3n anual= Q.9,581.00<\/strong><\/p>\n\n\n\n<h1 class=\"wp-block-heading has-text-color has-large-font-size\" style=\"color:#00629b\">Proceso de Ingreso<\/h1>\n\n\n\n<p><strong>Requisitos de inscripci\u00f3n<\/strong><\/p>\n\n\n\n<p>Los aspirantes deber\u00e1n cumplir con los siguientes requisitos:<\/p>\n\n\n\n<ol class=\"wp-block-list\" style=\"list-style-type:lower-alpha\">\n<li>Presentar constancia de pago de matr\u00edcula anual.<\/li>\n\n\n\n<li>Fotocopia del t\u00edtulo tama\u00f1o carta anverso y reverso. (Graduados nivel Licenciatura)<\/li>\n\n\n\n<li>Fotost\u00e1tica del t\u00edtulo de licenciatura 5\u00b4 x 7\u00b4\u00b4 (Graduados nivel Licenciatura)<\/li>\n\n\n\n<li>Fotocopia autenticada de C\u00e9dula de vecindad \u00f3 DPI.<\/li>\n\n\n\n<li>Completar formulario extendido por la Direcci\u00f3n del Departamento de Postgrado.<\/li>\n\n\n\n<li>Presentar una solicitud de aceptaci\u00f3n dirigida al Director del Centro Universitario de Quich\u00e9<\/li>\n\n\n\n<li>Presentar una solicitud de aceptaci\u00f3n dirigida al Director del Departamento de Postgrado del CUSACQ<\/li>\n\n\n\n<li>Efectuar el pago de Q. 1,031.00 que corresponde al pago de la matricula anual.<\/li>\n<\/ol>\n\n\n\n<h1 class=\"wp-block-heading has-text-color has-large-font-size\" style=\"color:#00629b\">Pensum de Estudios<\/h1>\n\n\n\n<div data-wp-interactive=\"core\/file\" class=\"wp-block-file\"><object data-wp-bind--hidden=\"!state.hasPdfPreview\" hidden class=\"wp-block-file__embed\" data=\"https:\/\/cusacq.usac.edu.gt\/wp-content\/uploads\/2022\/11\/Pensum-de-Estudios.pdf\" type=\"application\/pdf\" style=\"width:100%;height:600px\" aria-label=\"Incrustado de Pensum-de-Estudios.\"><\/object><a id=\"wp-block-file--media-aa8c09b2-337a-4ddc-82ef-c6adf4ed09de\" href=\"https:\/\/cusacq.usac.edu.gt\/wp-content\/uploads\/2022\/11\/Pensum-de-Estudios.pdf\">Pensum-de-Estudios<\/a><a href=\"https:\/\/cusacq.usac.edu.gt\/wp-content\/uploads\/2022\/11\/Pensum-de-Estudios.pdf\" class=\"wp-block-file__button wp-element-button\" download aria-describedby=\"wp-block-file--media-aa8c09b2-337a-4ddc-82ef-c6adf4ed09de\">Descarga<\/a><\/div>\n\n\n\n<h1 class=\"wp-block-heading has-text-color has-large-font-size\" style=\"color:#00629b\">Mayor informaci\u00f3n:<\/h1>\n\n\n\n<p class=\"has-background\" style=\"background-color:#ececec\"><strong>Coordinador Programa de Maestr\u00eda<\/strong>: M.A Edgar Alberto Juarez Hernandez   &#8211; Cel. 56187597<\/p>\n\n\n\n<p class=\"has-background\" style=\"background-color:#ececec\"><strong>Postgrados:<\/strong> 3796-3682<\/p>\n\n\n\n<p class=\"has-text-align-center has-cyan-bluish-gray-color has-text-color has-background has-medium-font-size\" style=\"background-color:#00629b\"><strong>Informaci\u00f3n y Divulgaci\u00f3n &#8211; Oficinas Administrativas CUSACQ &#8211; 6ta. avenida 2-11 zona 2 Santa Cruz del Quich\u00e9, Quich\u00e9. Tel. 7755-1273<\/strong>.  <em>\u00abId y Ense\u00f1ad a Todos\u00bb <\/em> a\u00f1o 2022.<\/p>\n","protected":false},"excerpt":{"rendered":"<p>Sedes Plan de Estudios Duraci\u00f3n 2 a\u00f1os. Modalidad H\u00edbrida en 2024, una clase presencial al mes. Horario 07:00 a 17:00 Horas. Plan Semanal Dias S\u00e1bados Perfil de Ingreso Los aspirantes al Programa de Maestr\u00eda en Formulaci\u00f3n y Evaluaci\u00f3n de Proyectos, deber\u00e1n ser profesionales con las siguientes caracter\u00edsticas: Perfil de Egreso El egresado del programa de [&hellip;]<\/p>\n","protected":false},"author":101017,"featured_media":0,"parent":0,"menu_order":0,"comment_status":"closed","ping_status":"closed","template":"","meta":{"footnotes":""},"class_list":["post-7153","page","type-page","status-publish","czr-hentry"],"_links":{"self":[{"href":"https:\/\/cusacq.usac.edu.gt\/index.php?rest_route=\/wp\/v2\/pages\/7153","targetHints":{"allow":["GET"]}}],"collection":[{"href":"https:\/\/cusacq.usac.edu.gt\/index.php?rest_route=\/wp\/v2\/pages"}],"about":[{"href":"https:\/\/cusacq.usac.edu.gt\/index.php?rest_route=\/wp\/v2\/types\/page"}],"author":[{"embeddable":true,"href":"https:\/\/cusacq.usac.edu.gt\/index.php?rest_route=\/wp\/v2\/users\/101017"}],"replies":[{"embeddable":true,"href":"https:\/\/cusacq.usac.edu.gt\/index.php?rest_route=%2Fwp%2Fv2%2Fcomments&post=7153"}],"version-history":[{"count":8,"href":"https:\/\/cusacq.usac.edu.gt\/index.php?rest_route=\/wp\/v2\/pages\/7153\/revisions"}],"predecessor-version":[{"id":7597,"href":"https:\/\/cusacq.usac.edu.gt\/index.php?rest_route=\/wp\/v2\/pages\/7153\/revisions\/7597"}],"wp:attachment":[{"href":"https:\/\/cusacq.usac.edu.gt\/index.php?rest_route=%2Fwp%2Fv2%2Fmedia&parent=7153"}],"curies":[{"name":"wp","href":"https:\/\/api.w.org\/{rel}","templated":true}]}}